s the remainder when 88 is divided by n?
19
Suppose -2*m = 2*j - 316, -5*m + 3*j + 727 = -95. What is the remainder when m is divided by 55?
52
Suppose -m - 100 = -6*m. Calculate the remainder when 139 is divided by m.
19
Let o(h) be the third derivative of 5*h**4/24 - h**3/2 - h**2. Calculate the remainder when o(7) is divided by (-22)/(-1)*(-2)/(-4).
10
Suppose 0 = 2*f - 0*f - 46. Suppose -6 = 5*x - 16. Suppose -x*r + 10 + 14 = 0. What is the remainder when f is divided by r?
11
Let t(d) be the second derivative of -d**4/12 - d**3/6 + 6*d**2 - d. Let k = 21 + 14. Calculate the remainder when k is divided by t(0).
11
Suppose m + 2*r = -4, 0*m + 2*m + 5*r = -11. Suppose 0 = b + 5*l - 26, -m = b - l + 2. What is the remainder when 2 is divided by b?
0
Suppose -4*w + 3*m = 3, -5*w + 5*m - 6 = -1. Suppose w = -0*t - 4*t - 12. Let o(f) = f**3 + 2*f**2 - 4*f - 1. What is the remainder when 5 is divided by o(t)?
1
Suppose 2*q - t - 16 = 3*t, -q - 5*t = -15. What is the remainder when 13 is divided by q?
3
Let a = 0 + 0. Let b = a - 2. What is the remainder when 27 is divided by 1/b*-7*4?
13
Let o = -15 - -25. Let u be 0/(-1)*(0 - 1). Let g = o - u. What is the remainder when 18 is divided by g?
8
Let m be (10/(-3))/((-2)/3). Suppose m*h = 2*h + 18. Suppose 0 = 2*b - h*b + 136. Calculate the remainder when b is divided by 12.
10
Let v = 69 - 3. Calculate the remainder when v is divided by 34.
32
Let j(q) = 2*q**2 - 2*q + 2. Let i be j(4). Let t be (-460)/(-25) + (-2)/5. Suppose 2*u - t - i = 0. Calculate the remainder when 42 is divided by u.
20
Suppose -4*f = -4, -19 = -3*g - 4*f - 3. Suppose -4*t - 40 = -3*z - 9*t, -8 = -g*t. Calculate the remainder when 28 is divided by z.
8
Let f = 0 - 6. Let t be (f/(-12))/(2/192). Let m = 83 - t. What is the remainder when m is divided by 18?
17
What is the remainder when (20 - -3) + (2 - 2) is divided by 9?
5
Let y be (-2)/(-8) + (-195)/(-20). Suppose 2*d = 7*d - 4*l - 25, 2*l - y = -2*d. What is the remainder when d is divided by (-1)/((-1 - 0)/3)?
2
Suppose -l - 1 - 6 = -y, -5*l = -4*y + 37. Let o = 17 + l. What is the remainder when 14 is divided by o?
6
Suppose -2*o + i = -8, 2*i + 0*i - 4 = -o. Let t(v) = v**3 + 4*v**2 - 6*v. What is the remainder when t(-5) is divided by o?
1
Suppose o = -1 + 5. Suppose 6 = o*k - 118. What is the remainder when k is divided by 11?
9
Let n(b) = 4*b**3 + 2*b**2 - b. Let o be n(1). Suppose -3*q = 5*k - 55, 0 = -4*q + o*k + 19 - 4. Calculate the remainder when 18 is divided by q.
8
Suppose 14*c - 188 = 246. Calculate the remainder when c is divided by 22.
9
Suppose 0 = 3*c + 21 - 0. Let z(p) = 1 - 2 + 4 - 2*p. Calculate the remainder when z(c) is divided by 6.
5
Let w = -40 - -245. Suppose 0 = -g - 8 + 3, 0 = -4*p + 5*g + w. Suppose v = -v + 24. Calculate the remainder when p is divided by v.
9
Let w(x) = -x + 18. Let i be w(13). Suppose j + 76 = i*g + 2*j, 5*j + 52 = 2*g. What is the remainder when 45 is divided by g?
13
Let u(s) = -s**3 - 3*s**2 + 7*s + 1. Suppose 2*d - 2*l - l - 18 = 0, d + 4*l - 9 = 0. What is the remainder when u(-5) is divided by d?
7
Let l = -1139 + 1172. Calculate the remainder when l is divided by -3*(28/6)/(-2).
5
Let c(b) = b**2 - 4*b + 7. Calculate the remainder when (23/(-4))/(2/(-8)) is divided by c(5).
11
Suppose 2*z + 3 = 1. Calculate the remainder when ((-3)/3)/(z/8) is divided by 5.
3
Suppose -8*o + 4*o + 8 = 0. Suppose 3*z - 53 = -0*z + 2*p, 0 = o*p - 10. Calculate the remainder when 81 is divided by z.
18
What is the remainder when 2/((-7)/(-6) + -1) is divided by 7?
5
Let r(d) = -2 + 164*d + 0 + 2. Let q be r(1). Let k = q + -105. Calculate the remainder when k is divided by 20.
19
Let w be (6 + -4)*2/2. Suppose -41 = -3*v + w*k, -20 + 8 = -v - k. Calculate the remainder when v is divided by 7.
6
Suppose -5*b = -0*b + p - 73, -71 = -5*b - 2*p. Suppose 0*i + 10 = i + l, 4*i = 4*l + 24. Calculate the remainder when b is divided by i.
7
Suppose 0 = -5*a + 31 + 14. Let p = a - 6. What is the remainder when p is divided by 1?
0
Let m be 1*33/(-6)*4. Let p(g) = -34*g + 1. Let c be p(1). Let l = m - c. Calculate the remainder when 21 is divided by l.
10
Let n = 2 - 0. Let m(f) = -9 + 10 - f + 0*f + f**n. Calculate the remainder when m(4) is divided by 5.
3
Let m = -3 - -7. Suppose -s - 10 = m*s. Let x(j) = -10*j - 3. What is the remainder when 33 is divided by x(s)?
16
Suppose 3*h - 8*p + 3*p = 122, 2*p = -2*h + 60. Suppose 0 = -2*j - 2*j + 240. Suppose -2*c + 7*c = j. Calculate the remainder when h is divided by c.
10
Suppose -4*n - r - r = -86, 0 = -2*n + 4*r + 68. Suppose n - 57 = -3*c. What is the remainder when 20 is divided by c?
9
Let u = 20 + -6. Suppose 2*s + n + 10 = -0*n, -2*s - 2*n - u = 0. Calculate the remainder when 8 is divided by ((-1)/(-3))/(s/(-27)).
2
Let f(d) = -21*d - 3. Suppose 4*c - 3*c = 7. Calculate the remainder when f(-2) is divided by c.
4
Let a(z) = 22*z**2 - z - 1. Let f(s) = s + 9. Let y be f(0). Let h = y + 13. What is the remainder when a(2) is divided by h?
19
Let h(a) = a + 5. Let m be h(-4). Let f = m - -5. Suppose 2*t + f = 3*t. Calculate the remainder when 15 is divided by t.
3
Let s = 11 - 9. Suppose -40 = -s*b + 42. Calculate the remainder when b is divided by 14.
13
Suppose -w - 4*k + 23 = 2*w, 0 = -3*w + 3*k + 51. Calculate the remainder when 102 is divided by w.
11
Let h = 14 + -12. Let v(j) = -j**3 + 10*j**2 + 1. Let s be (-2 - 0)*(-4 - 1). What is the remainder when h is divided by v(s)?
0
Let y = 23 - 18. Suppose 0 = -d + 4*i + 6, 3*i = 4*d + y*i - 78. What is the remainder when 71 is divided by d?
17
Suppose -4*j + 5*k - 102 = 98, 4*j = k - 200. Let r = j - -112. What is the remainder when r is divided by 21?
20
Let m(r) = r**3 + r**2 + r + 2. Let a be m(0). Suppose 5*s - 15 = -2*l, -a*s + 4*s - l - 6 = 0. Calculate the remainder when s is divided by 3.
0
Let x = -9 - -5. Let d = x - -9. Let q = 1 + 2. Calculate the remainder when d is divided by q.
2
Suppose -3*a + 80 = -19. Let i = 56 - 39. What is the remainder when a is divided by i?
16
Let s(y) = 2*y**2 - 9*y. Let t be s(6). Let a = t - 4. What is the remainder when 25 is divided by a?
11
Let y(s) be the first derivative of s**4/4 + 3*s**3 + 5*s**2/2 - 11*s - 2. Calculate the remainder when 37 is divided by y(-8).
11
Let i be 1/4 - (-235)/4. Let y = i - 89. What is the remainder when 40 is divided by (-426)/y + 2/(-10)?
12
Let l(b) = -b**3 + 7*b**2 + 9*b - 5. Let f be l(8). Suppose -4*v - 56 = -2*a, a - f = -3*v + 5. Calculate the remainder when 37 is divided by a.
17
Let g(j) = j**2 - j - 2. Suppose h + 4*h + 90 = 0. Let t be h/(-4) + 9/(-6). Calculate the remainder when 11 is divided by g(t).
3
Suppose -3*a = -15, -5*t + 0*a = -3*a + 20. Suppose 3 = 4*j - 9. What is the remainder when t/3 - (-25)/3 is divided by j?
2
Suppose 4*a = p + 10, 5*p = 6*a - 2*a - 2. Let f(l) = -7*l**3 - l**2 - l. Calculate the remainder when f(-1) is divided by a.
1
Let m(n) = 5*n**2 + 5*n + 6. What is the remainder when 254 is divided by m(-2)?
14
Suppose o - 1 = -0. What is the remainder when (-393)/(-9) + 4/(-6) is divided by 11 - 1*(1 - o)?
10
What is the remainder when 12/(-15) - 747/(-15) is divided by 4?
1
Let m(w) = -w**2 + w + 5. Calculate the remainder when 31 is divided by m(0).
1
Let r = 4 + 3. Let z(s) = 9*s - 5. Let a(n) = -19*n + 9. Let b(f) = 4*a(f) + 7*z(f). What is the remainder when b(-2) is divided by r?
6
Suppose -z - 3*z = -8. Suppose 2*f - 2 - z = 0, 5*f - 105 = -5*h. What is the remainder when h is divided by 11?
8
Let s be (-6)/(-8) - 297/12. What is the remainder when 23 is divided by ((-5)/10)/(1/s)?
11
Suppose 2*l - 20 = s + 4, l + s = 12. Let x = -12 + 46. Calculate the remainder when x is divided by l.
10
Suppose -25 - 451 = -4*j. Calculate the remainder when j is divided by 15.
14
Suppose -36 = c - 3*c. Suppose 110 = 2*v - 3*t, -3*v = -5*v - 3*t + 98. What is the remainder when v is divided by c?
16
Let h = 28 - -16. Let x = 38 - 23. Calculate the remainder when h is divided by x.
14
Let w(p) = 6*p - 4. Let k = -43 - 54. Let u = k + 138. Calculate the remainder when u is divided by w(3).
13
Calculate the remainder when 30 is divided by ((-6)/5)/((-15)/100).
6
Let x be -15*(1 - (0 + 2)). Suppose 3*t - x = 3*s + 2*t, -15 = 3*s - 2